mainder when q is divided by 66?
30
Let j = -1167 - -1182. Suppose -140 = -5*w - 0*w. Calculate the remainder when w is divided by j.
13
Suppose -126 = 8*s - 574. Calculate the remainder when 318 is divided by s.
38
Let m(z) = -199*z + 653. What is the remainder when 689 is divided by m(3)?
17
Let m be 3 - 3 - (-2 + 3). Let d be (-6 - 128/(-20))/(m/(-30)). Suppose d = -15*q + 17*q. Calculate the remainder when q is divided by 3.
0
Let v(i) = -i**2 + 11*i - 8. Suppose 233*z - 238*z = -895. What is the remainder when z is divided by v(7)?
19
Let z = 112 - 61. Let m = z + -40. Suppose -m*x + 530 = -6*x. Calculate the remainder when x is divided by 27.
25
Let p = 0 - 0. Suppose 472*m + 1425 = 491*m. Suppose -2*j = 3*s + 2*s - m, p = 5*j + 5*s - 225. Calculate the remainder when j is divided by 13.
11
Suppose 13*g = -24 - 54. Let i(p) = 25*p**2 + 33*p. Calculate the remainder when i(g) is divided by 88.
86
Suppose -4*o + 327 = -1856 + 95. Calculate the remainder when 526 is divided by o.
4
Let y(o) = 118*o - 4. Let f be y(7). What is the remainder when f/10 + 2/(-10) is divided by (86 - -1)*(-1007)/(-3021)?
24
Suppose -37*y = 5*y - 210. Let w = 7 - -36. What is the remainder when w is divided by y?
3
Let v(k) = 446*k - 383. Calculate the remainder when v(4) is divided by 36.
33
Suppose -1035*n - 6640 = -5*i - 1030*n, 3*i - 5*n = 3984. What is the remainder when i is divided by 218?
20
Let n(y) = 74*y**2 - 17*y + 70. Calculate the remainder when n(3) is divided by 46.
41
Suppose d + 5*f - 22 = 0, -3*f + 10 = d - 4. Suppose -w = d*w - 78. Suppose -55*v + 57*v - 30 = 0. What is the remainder when w is divided by v?
11
Suppose 4*q = 3*i - 8*i + 970, -5*i = 3*q - 725. Let n = q + -231. Calculate the remainder when 67 is divided by n.
11
Let r = 4 + -2. Suppose 0 = 4*i - d + 1186, -2*i - 148 = -2*d + 442. Let x = i - -301. What is the remainder when x is divided by r?
0
Let u(y) = -2*y**3 + 37*y**2 - 20*y - 21. Let k be u(18). Let r = k + 73. Calculate the remainder when 140 is divided by r + -2 + (-7 - -4).
8
Suppose 2*j - 380 - 320 = 0. Let f = -56747 - -56786. Calculate the remainder when j is divided by f.
38
Suppose -38*n + 4714 = -2924. What is the remainder when 205 is divided by n?
4
Let j(f) = -3*f + 45. Let s be j(0). Suppose -r + 3*k = -25, s = 3*r - 6*k + 7*k. Suppose 0 = -3*m + 20 + r. What is the remainder when 30 is divided by m?
6
Suppose 3*y + a + 189 = 0, -5*a + 2 = -13. Let u = y + 74. Calculate the remainder when 37 is divided by u.
7
Let w be 3 - (4 - 9) - 2. Let h be (456 - -1) + w/(-3). Suppose -8*t = -h - 577. What is the remainder when t is divided by 44?
41
Let k = 87 - 38. Let p = -14 - -32. Suppose -8 = -2*v + p. Calculate the remainder when k is divided by v.
10
Let l(o) = 3*o + 10. Let s be 6/2 - 8/(-8). Suppose -3*g + 2*n + 109 = 4*n, g = 2*n + 47. Calculate the remainder when g is divided by l(s).
17
Let b(f) = f**3 - 29*f**2 + 45. Let h = -97 + 126. Calculate the remainder when b(h) is divided by 12.
9
Let o be (2 + (-346)/(-4))/((-2)/12). Let p = o + 646. Calculate the remainder when p is divided by 41.
33
Let i = -58 + 75. Calculate the remainder when 3380 is divided by i.
14
Let r be (1 - (-19)/(-7))*(-14)/4. Calculate the remainder when 190 is divided by -32*(r/(-4) - (-14)/28).
30
Let a be 5/((-15)/12) - 114. Let u = a + 118. Suppose 3*d + w - 21 - 74 = u, 5*w = -3*d + 115. What is the remainder when d is divided by 4?
2
Suppose 43 = 2*o - 62 - 127. What is the remainder when o is divided by 59?
57
Let v = -59 - -102. Let f = -17550 - -17675. Calculate the remainder when f is divided by v.
39
Suppose 5*j - 765 = -l + 6*l, 4*j + l - 587 = 0. What is the remainder when j is divided by 2*8*-1*(11 - 13)?
20
Let g = -6072 + 7115. What is the remainder when g is divided by 29?
28
Let k(m) = -m**3 + 3*m + 5. Let o be k(-2). Let i be (-1)/(-2)*(9 - o). What is the remainder when -4 - -84 - (-3 + i) is divided by 21?
19
What is the remainder when 665 is divided by (-1019)/(-7) - (-1268)/(-2219)?
85
Suppose -q + 5*d + 1038 = -0*d, -q - d + 1014 = 0. What is the remainder when q is divided by 33?
28
Suppose 142 = -a + 56. Let n = -14 - a. Calculate the remainder when n is divided by 16.
8
Suppose 25*c = -11*c + 396. Suppose 0*q = -c*q + 286. Suppose 3*d + 143 = 2*u, 3*u - 2*d - 105 = 112. What is the remainder when u is divided by q?
21
What is the remainder when 826 is divided by -13 + -1 + 13 - -13?
10
Suppose -193*h + 2256 + 4113 = 0. Let i = 5 + -3. Let w(a) = a + 2. Calculate the remainder when h is divided by w(i).
1
Suppose -8*n + 177 + 55 = 0. Suppose n*i = 31*i - 394. Calculate the remainder when i is divided by 18.
17
Suppose 0 = -98*s - 39*s + 43 + 31193. Calculate the remainder when s is divided by 219.
9
Let d(g) = g**2 - 5*g - 1. Let u be 3 + 1/(-2)*-4. Let o be u + -3 - 1*-6. Calculate the remainder when 44 is divided by d(o).
21
Let d(r) = -33*r + 10. What is the remainder when 629 is divided by d(-1)?
27
Let f(y) = y**3 - 46*y**2 - 46*y - 48. Let c be f(47). What is the remainder when (c/(-4))/(32/106368) is divided by 16?
15
Let j(w) = -5*w - 4. Suppose -6*l - 9 + 33 = 0. Suppose -4*n + 16 = l*y, y = -0*n - 3*n. What is the remainder when j(-3) is divided by y?
5
Let x be 89 + 2/(-4)*2. Let l = x + -38. Let m = l - 44. Calculate the remainder when 16 is divided by m.
4
Suppose 191 = -17*o + 7*o + 881. Calculate the remainder when 335 is divided by o.
59
Let w(n) = 2*n**3 - 8*n**2 + 101*n - 192. Let o(t) = -9*t + 1. Calculate the remainder when w(4) is divided by o(-3).
16
Let c = -2646 - -2735. Calculate the remainder when c is divided by 10.
9
Let g(t) = t**3 + 5*t**2 - 7*t - 3. Let y be g(-5). Suppose -6*j = -2*j + y. Calculate the remainder when 38 is divided by (2 + -1)*-1*j/1.
6
Let h = 781 + -709. What is the remainder when 6/(0 + 2) + (29 - -687) is divided by h?
71
Suppose -3*z - 2*w = -516, -4*z = -5*w + 2*w - 671. Let j = z + -115. What is the remainder when j is divided by (24/(-7))/(3*6/(-63))?
7
Suppose n = 2*n - 11. Suppose -2*q = 2*p - 78, 177 = 4*p + 8*q - 11*q. Suppose p = -9*j + 222. Calculate the remainder when j is divided by n.
9
Let z = -21 + 31. Let s = 42 + 16. What is the remainder when s is divided by 5/(-10)*z + 11?
4
Suppose -17*a = -r - 15*a + 92, -4*r - 4*a = -392. What is the remainder when 102 is divided by r?
6
Let n = -379 - -467. Suppose 81*c + 287 = n*c. What is the remainder when c is divided by 9?
5
Let c = -5 - -60. Let q = 136 + 133. What is the remainder when q is divided by c?
49
Let c = 106 + -74. Let z = 38 - c. What is the remainder when (1 - (-2)/z)*(4 + 11) is divided by 6?
2
Let w(g) = 25*g**2 + 2*g - 2. Suppose 0 = 8*h - 6*h - 4. Suppose 3*d - 78 = 4*k, d - 5*k = -7*k + 26. What is the remainder when w(h) is divided by d?
24
Suppose -s = 18*v - 17*v - 42, 201 = 5*s + 2*v. What is the remainder when s is divided by 8?
7
Let p(o) be the third derivative of -o**4/8 - 4*o**3/3 + 44*o**2. Let z(t) = t**3 - 6*t**2 - 8*t + 23. What is the remainder when p(-12) is divided by z(7)?
12
Let r(i) = 0*i - 3*i - 6*i**2 + 8*i**2 - 32 - i. Calculate the remainder when 46 is divided by r(-4).
14
Let d(h) = 27*h + 513. Calculate the remainder when 3237 is divided by d(-18).
24
Suppose -58*i - 98*i + 21728 = 38*i. What is the remainder when 671 is divided by i?
111
Suppose 0*f - 11*f + 209 = 0. Let i(b) = b + 68. Calculate the remainder when i(f) is divided by 25.
12
Suppose 71*l = 69*l + 102. Suppose -5*n = -7*r + 5*r + l, 0 = 4*r + 4*n - 60. Calculate the remainder when 34 is divided by r.
16
Suppose 10 - 259 = -3*z. Let m = z + -29. Calculate the remainder when (12/9)/(4/m) is divided by 10.
8
Let i = -73 - -70. Calculate the remainder when (-4)/(15/i*4/530) is divided by 28.
22
Let q = -5 - 30. Let i = 19 + q. Calculate the remainder when 22 is divided by ((-35)/10 + 3)*i.
6
Let k(l) = 11*l**2 + 499*l + 390. What is the remainder when 975 is divided by k(-45)?
135
Suppose 9*z - 22 = 7*z - 6*n, 0 = -z - n + 23. What is the remainder when 1403 is divided by z?
11
Let v = 306 - 301. Suppose 5*u - v*c = 1104 + 406, 5*c = 20. Calculate the remainder when u is divided by 77.
75
Suppose -6*c - 3*w + 493 = -4*c, -w + 1 = 0. Calculate the remainder when c is divided by 53.
33
Calc